Suppose -p = -x*u + 1239. What are the prime factors of u?
2, 23
Let o(m) = 74*m - 3226. List the prime factors of o(49).
2, 5
Let c(s) = -16*s**3 - 7*s**2 - 25*s + 179. What are the prime factors of c(-16)?
3, 7, 1021
Let n = -11812 - -49528. List the prime factors of n.
2, 3, 7, 449
Let i be (-6)/9 - (-14)/3. Suppose -2*r + i*r - 1242 = 0. List the prime factors of r.
3, 23
Suppose 18166 = 3*v - 8957. List the prime factors of v.
9041
Let k = -649 + 653. Let l = -103 + 221. Suppose 4*z = -k*q + 640, 5*z + 2*q - l - 682 = 0. List the prime factors of z.
2, 5
Suppose -7*p = -5*p + 2*u - 12, 4*p - 40 = 4*u. Let w(x) = 96*x + 58. What are the prime factors of w(p)?
2, 7, 59
Suppose 5*j = -4*j - 54. Let i be (1/j*0)/(-2 + 0). Suppose 4*s - 56 = -v, i*v + 139 = 2*v - s. List the prime factors of v.
2, 17
Let t = -21806 + 50100. What are the prime factors of t?
2, 7, 43, 47
Let f = -832 + 366. Let v = f + 876. What are the prime factors of v?
2, 5, 41
Let x be ((-4)/6*123)/(-1). Suppose 0 = -o + x - 9. What are the prime factors of o?
73
Let b(w) = 863*w + 25. Let z be b(5). Suppose -5*n - 785 - z = 0. List the prime factors of -1 + (n/(-5) - 1).
7, 29
Let j(d) = -1462*d - 584. What are the prime factors of j(-22)?
2, 5, 1579
List the prime factors of -42508*(-2730)/1040*4/6.
7, 10627
What are the prime factors of (7*(-11)/231)/((-3)/111411)?
12379
Suppose 144*x - 12*x - 431772 = 0. List the prime factors of x.
3271
Let t = 20335 - -5976. What are the prime factors of t?
83, 317
Suppose 5*v = 2*b - 87 - 747, 3*v + 489 = 5*b. Let u = v - -298. List the prime factors of u.
2, 5, 13
Let l be (-14)/(-2)*-1*372/(-651). Let o(b) = 6*b**3 + 9*b + 2. List the prime factors of o(l).
2, 211
Suppose -43*a + 127790 + 598175 = 22184. List the prime factors of a.
13, 1259
Let o be ((-66)/(-9))/((-4)/(-48)). Suppose 5*p - 270 = 5*a, 0 = -a + 3*a + 2*p + o. Let l = a + 91. List the prime factors of l.
2, 3, 7
What are the prime factors of 164/5494 - (-2465462)/134?
3, 6133
Let a = -207 + 210. Suppose 4*r = -2*n + 6*n + 1792, -15 = a*n. What are the prime factors of r?
443
Let c(o) = 1990*o**2 - 227*o + 687. What are the prime factors of c(3)?
2, 3, 1493
Suppose 4*x + 0*x = -k + 19, -3*k + x = -31. Suppose 13*n = 12*n + k. Let g(w) = w**3 - 11*w**2 + 4*w + 22. What are the prime factors of g(n)?
2, 3, 11
Suppose 0 = -8*b + 17 - 97. Let p(k) = 3*k - 24. Let j be p(b). What are the prime factors of 5 - 8 - 1*j?
3, 17
Suppose 8*n - 866 = -34. Suppose -112*c + n*c = -8768. List the prime factors of c.
2, 137
Suppose 4*g - 3*b - 24399 = 4179, -4*g + 28568 = 2*b. List the prime factors of g.
3, 2381
Suppose -17802 = -3*h + 3*s, 12*h - 11852 = 10*h - 2*s. List the prime factors of h.
2, 5, 593
Suppose -7*s + 4*a = -6*s + 3, -5*s = -3*a - 19. Suppose 4*o = s*m + 867, 4*m + 4*o + 672 = -0*m. Let l = m + 283. What are the prime factors of l?
2, 7
List the prime factors of (-10)/10*(3 + -4594).
4591
Suppose 3*m - 2*m + 4 = 0, m + 10 = -2*c. Let d be ((-26)/26)/(1/c). Suppose d*v - 162 - 54 = -y, 482 = 2*y - 4*v. What are the prime factors of y?
3, 7, 11
Suppose v - 4 = 3*q - 0*q, 4*q - 3*v = -7. Let i be q + 86/6 + 47/(-141). Suppose -w + i = -5. List the prime factors of w.
2, 3
Let j = 346 - 146. Let p = 259 + j. List the prime factors of p.
3, 17
Let g be -1*(-4)/3*(-32757)/716. Suppose -714 + 94 = 5*f. Let j = g - f. What are the prime factors of j?
3, 7
Let v = -13749 + 19657. What are the prime factors of v?
2, 7, 211
Let h = 16 - 1. Suppose 2*i - h - 25 = 0. Suppose 0 = -4*u + i, -5*b - 3*u - 72 = -227. What are the prime factors of b?
2, 7
Suppose 8*u - 847226 = -90*u - 9*u. List the prime factors of u.
2, 37, 107
List the prime factors of ((-29347)/(-2) + -5)/(45/90).
3, 7, 11, 127
Suppose 9353952 = 285*o + 3*o. List the prime factors of o.
32479
Suppose 3*n - 5*b = 1836, 5*n - 4*b - 727 = 2333. Suppose 5*a = -4*v + 9*a + n, 0 = -2*v + 3*a + 303. What are the prime factors of v?
2, 3, 13
Let i(q) = 124*q - 33. Let r be i(7). Suppose r = 2*k - 689. List the prime factors of k.
2, 3, 127
Suppose 0 = -2*m + 21*m - 361305 + 13624. List the prime factors of m.
29, 631
Let f = 122 - 128. Let x be 20/6*(90/12 - f). Suppose x*j - 48*j = -690. List the prime factors of j.
2, 5, 23
What are the prime factors of 35*1*(77832/120 + -17)?
2, 7, 1579
Suppose 287*q - 313*q = -26390. What are the prime factors of q?
5, 7, 29
What are the prime factors of 11595 - ((-168)/(-105))/((-5)/25)?
41, 283
Let h = -969 + 1697. Let n = 1954 - h. What are the prime factors of n?
2, 613
What are the prime factors of 183*(15 - 17)/((-12)/18)?
3, 61
Suppose -66 = 7*g + 81. Let m = 671 + g. List the prime factors of m.
2, 5, 13
Let c be (-6 + 4)*(-6 + -308). Let a = 1019 - c. List the prime factors of a.
17, 23
Let l(v) = 50*v**2 + 293*v + 27. What are the prime factors of l(-11)?
2, 1427
Let w = -103 + 108. Suppose -326 = -2*n - 3*r, w*n + 284 = -4*r + 1113. List the prime factors of n.
13
Let i(f) = 21806*f**3 + 6*f**2 + 8*f - 11. List the prime factors of i(1).
113, 193
Let j be 42/11 + 28/154. Suppose 919 + 946 = 5*x + 2*s, 373 = x + j*s. What are the prime factors of x?
373
Let g = -506 + 308. What are the prime factors of ((-99)/(-66))/((-1)/g)?
3, 11
Suppose 3*q - 5*q = -3*g - 19713, 4*g = 5*q - 49286. What are the prime factors of q?
2, 3, 31, 53
Let b = -25 + 73. Suppose 0 = -7*r + 10*r - b. Let q = 52 - r. List the prime factors of q.
2, 3
Let u(l) = l**3 - 14*l**2 - 28*l - 4. Let q be u(17). Let i = 36 + q. List the prime factors of i.
3, 47
Let a be ((-17829)/6 + 3)/((-6)/8). Suppose -3*c = -5*n - a, -7*c - 2*n = -11*c + 5296. Suppose -o = 5*o - c. What are the prime factors of o?
13, 17
Suppose -12*g + 16*g - 28177 = q, 3*g = q + 21134. What are the prime factors of g?
7043
Let l(x) = 7*x**3 - 21*x**2 + 126*x - 66. What are the prime factors of l(15)?
2, 3, 11, 157
Suppose -16*i - 6 = -11*i - 3*z, -8 = -5*i - 4*z. Suppose 6*n - 3125 - 5083 = i. What are the prime factors of n?
2, 3, 19
Let k = -128 + 205. Suppose k*w + 4482 = 86*w. What are the prime factors of w?
2, 3, 83
Let b be (-13)/((-4)/480*3). Suppose 0*i + b = -5*i. Let q = 202 + i. List the prime factors of q.
2, 7
Suppose 3*a - 60010 - 40770 = 4*t, -4*t - 67184 = -2*a. What are the prime factors of a?
2, 37, 227
Let b(w) = -26*w + 21. Suppose 0 = -66*d + 64*d - 8. List the prime factors of b(d).
5
List the prime factors of (5 - 4)/(((-170)/10)/(-1423886)).
2, 41879
Let v(f) = -4*f**3 + 4*f**2 - 5*f - 64. Let g be v(-8). What are the prime factors of (2 - g/2)/(6 + -8)?
569
Let t(l) = 2*l**2 + 25*l + 7. List the prime factors of t(6).
229
Let a(y) = 3*y**2 + 5*y - 13. Let u(z) = -3*z**2 - 5*z + 13. Let x(c) = 3*a(c) + 2*u(c). Let n be x(-10). Let g = n - 161. What are the prime factors of g?
2, 19
Let s(p) = 2*p - 15. Let k be s(14). Suppose k = -2*h + 19. Suppose -3*z = 2*j - 170, 0*z - h*z = -3*j - 150. What are the prime factors of z?
2, 3
Let g(l) = 2*l + 38. Let r be g(-19). Suppose 25*d = 31*d - 102. Suppose r = 3*h - 284 + d. What are the prime factors of h?
89
Let x = 83519 - 36277. What are the prime factors of x?
2, 13, 23, 79
Suppose 0 = 6*a - a + 60. Let s be -1*(4 - 2) - a. Suppose 85 = -9*l + s*l. What are the prime factors of l?
5, 17
Let w = 74127 + -51442. What are the prime factors of w?
5, 13, 349
Let w be (-6)/12 - (1281/(-2) + 1). Suppose 0 = -n - 4, 0 = 9*a - 8*a + 2*n - w. What are the prime factors of a?
647
Let g(y) = 3*y**2 + 14*y - 67. Let o be g(3). Suppose -15 = -6*r + 3*r. What are the prime factors of o + 1/r + 3896/20?
197
Let h = -85 - -87. Suppose -4*f + 91 = -h*t + 533, 869 = 4*t - 3*f. What are the prime factors of t?
5, 43
Suppose 0 = -46*f - 2213 + 58149. What are the prime factors of f?
2, 19
Let d(x) = x**2 + 7*x - 2. Suppose 0 = s - 44 + 36. Let l be d(s). Let k = -76 + l. What are the prime factors of k?
2, 3, 7
Suppose 18*u + 5*n - 68292 = 70483, -2*n = -2*u + 15422. What are the prime factors of u?
2, 3, 5, 257
Let r = -1146 - -1055. Suppose 297 = -3*d + 3. Let h = r - d. List the prime factors of h.
7
Suppose -5*o + 3363 + 9497 = 0. What are the prime factors of o?
2, 643
Suppose 249*z = 270*z - 196014. What are the prime factors of z?
2, 13, 359
Suppose 3*j + 24 - 9 = 4*o, -4*